d by 76164.
35
Calculate the remainder when 3578 is divided by 34.
8
Calculate the remainder when 9159 is divided by 157.
53
What is the remainder when 297817 is divided by 141?
25
Calculate the remainder when 130029 is divided by 301.
298
Calculate the remainder when 8519 is divided by 355.
354
What is the remainder when 7883 is divided by 7847?
36
What is the remainder when 121496 is divided by 462?
452
Calculate the remainder when 465 is divided by 136.
57
What is the remainder when 503585 is divided by 125892?
17
What is the remainder when 54519 is divided by 235?
234
What is the remainder when 10631 is divided by 1771?
5
What is the remainder when 2641 is divided by 104?
41
Calculate the remainder when 5086 is divided by 280.
46
Calculate the remainder when 1645895 is divided by 7.
6
What is the remainder when 6817 is divided by 294?
55
Calculate the remainder when 10653 is divided by 72.
69
Calculate the remainder when 12002 is divided by 245.
242
Calculate the remainder when 5399 is divided by 131.
28
What is the remainder when 2193 is divided by 211?
83
Calculate the remainder when 6730 is divided by 6637.
93
What is the remainder when 319182 is divided by 123?
120
Calculate the remainder when 9186 is divided by 31.
10
What is the remainder when 694 is divided by 133?
29
What is the remainder when 18442 is divided by 1417?
21
What is the remainder when 548992 is divided by 3?
1
What is the remainder when 2771 is divided by 514?
201
What is the remainder when 152141 is divided by 15?
11
Calculate the remainder when 80670 is divided by 2180.
10
Calculate the remainder when 7047 is divided by 281.
22
What is the remainder when 33279 is divided by 49?
8
What is the remainder when 141115 is divided by 196?
191
What is the remainder when 144 is divided by 135?
9
What is the remainder when 2795 is divided by 478?
405
Calculate the remainder when 4027 is divided by 1908.
211
What is the remainder when 23955 is divided by 121?
118
What is the remainder when 27395 is divided by 615?
335
What is the remainder when 24701 is divided by 3448?
565
Calculate the remainder when 46046 is divided by 303.
293
What is the remainder when 28896 is divided by 68?
64
What is the remainder when 43437 is divided by 10580?
1117
What is the remainder when 1961 is divided by 1834?
127
Calculate the remainder when 104205 is divided by 106.
7
Calculate the remainder when 11641 is divided by 39.
19
Calculate the remainder when 2393 is divided by 38.
37
Calculate the remainder when 16333 is divided by 441.
16
What is the remainder when 95748 is divided by 3191?
18
What is the remainder when 27418 is divided by 36?
22
What is the remainder when 17700 is divided by 1120?
900
Calculate the remainder when 27230 is divided by 1050.
980
Calculate the remainder when 247767 is divided by 123872.
23
What is the remainder when 5579 is divided by 2406?
767
Calculate the remainder when 1337 is divided by 393.
158
What is the remainder when 1382 is divided by 118?
84
Calculate the remainder when 10303 is divided by 1022.
83
Calculate the remainder when 537223 is divided by 74.
57
Calculate the remainder when 174941 is divided by 112.
109
Calculate the remainder when 1193 is divided by 1166.
27
Calculate the remainder when 303043 is divided by 89.
87
Calculate the remainder when 2161 is divided by 1034.
93
What is the remainder when 3977 is divided by 247?
25
Calculate the remainder when 3579 is divided by 1298.
983
What is the remainder when 13182 is divided by 439?
12
Calculate the remainder when 783827 is divided by 15369.
8
What is the remainder when 16552 is divided by 437?
383
What is the remainder when 14099 is divided by 783?
5
What is the remainder when 2080 is divided by 123?
112
What is the remainder when 69936 is divided by 10?
6
Calculate the remainder when 14040 is divided by 49.
26
What is the remainder when 1228 is divided by 554?
120
Calculate the remainder when 277192 is divided by 15.
7
Calculate the remainder when 24697 is divided by 7888.
1033
What is the remainder when 28083 is divided by 2337?
39
Calculate the remainder when 57706 is divided by 8242.
12
Calculate the remainder when 11759 is divided by 46.
29
Calculate the remainder when 115495 is divided by 30.
25
What is the remainder when 2473 is divided by 145?
8
Calculate the remainder when 15240 is divided by 26.
4
What is the remainder when 1508 is divided by 651?
206
Calculate the remainder when 60585 is divided by 187.
184
Calculate the remainder when 8241 is divided by 289.
149
What is the remainder when 8055 is divided by 3843?
369
What is the remainder when 14763 is divided by 2938?
73
Calculate the remainder when 23140 is divided by 98.
12
What is the remainder when 10037 is divided by 5010?
17
Calculate the remainder when 206148 is divided by 50.
48
Calculate the remainder when 450 is divided by 157.
136
Calculate the remainder when 31200 is divided by 376.
368
What is the remainder when 2651 is divided by 234?
77
Calculate the remainder when 427515 is divided by 87.
84
What is the remainder when 71198 is divided by 552?
542
What is the remainder when 1310 is divided by 429?
23
Calculate the remainder when 1174 is divided by 76.
34
What is the remainder when 81483 is divided by 163?
146
Calculate the remainder when 978669 is divided by 5407.
2
What is the remainder when 24909 is divided by 389?
13
Calculate the remainder when 1181 is divided by 16.
13
Calculate the remainder when 4657 is divided by 527.
441
Calculate the remainder when 1287 is divided by 218.
197
Calculate the remainder when 10148 is divided by 3267.
347
Calculate the remainder when 128774 is divided by 14307.
11
What is the remainder when 669 is divided by 132?
9
Calculate the remainder when 10633 is divided by 1256.
585
What is the remainder when 100242 is divided by 3233?
19
Calculate the remainder when 1220 is divided by 202.
8
What is the remainder when 30032 is divided by 462?
2
What is the remainder when 38439 is divided by 155?
154
What is the remainder when 368789 is divided by 8?
5
Calculate the remainder when 1682069 is divided by 686.
683
Calculate the remainder when 68691 is divided by 321.
318
Calculate the remainder when 340996 is divided by 170493.
10
What is the remainder when 1303820 is divided by 138?
134
Calculate the remainder when 15872 is divided by 189.
185
Calculate the remainder when 8756 is divided by 39.
20
Calculate the remainder when 4024 is divided by 361.
53
What is the remainder when 198908 is divided by 542?
536
What is the remainder when 4049 is divided by 49?
31
What is the remainder when 1342989 is divided by 294?
291
Calculate the remainder when 43803 is divided by 294.
291
Calculate the remainder when 14347 is divided by 26.
21
Calculate the remainder when 6125 is divided by 2009.
98
Calculate the remainder when 41354 is divided by 2.
0
What is the remainder when 5116 is divided by 2106?
904
What is the remainder when 4413 is divided by 24?
21
Calculate the remainder when 2088 is divided by 2080.
8
Calculate the remainder when 1037 is divided by 1007.
30
Calculate the remainder when 2865 is divided by 2410.
455
Calculate the remainder when 7506 is divided by 468.
18
What is the remainder when 7906 is divided by 9?
4
Calculate the remainder when 7205 is divided by 88.
77
Calculate the remainder when 49640 is divided by 7.
3
What is the remainder when 36025 is divided by 1500?
25
What is the remainder when 6863 is divided by 56?
31
What is the remainder when 8354 is divided by 693?
38
What is the remainder when 8936 is divided by 67?
25
Calculate the remainder when 19354 is divided by 70.
34
Calculate the remainder when 8448 is divided by 1632.
288
What is the remainder when 733310 is divided by 17?
15
Calculate the remainder when 1915 is divided by 81.
52
Calculate the remainder when 70869 is divided by 6.
3
Calculate the remainder when 11475 is divided by 426.
399
What is the remainder when 17749 is divided by 3?
1
Calculate the remainder when 40939 is divided by 20.
19
What is the remainder when 78017 is divided by 830?
827
What is the remainder when 139918 is divided by 1841?
2
Calculate the remainder when 2950 is divided by 3.
1
What is the remainder when 901 is divided by 4?
1
What i